der when 389949 is divided by 50?
49
What is the remainder when 27516 is divided by 1373?
56
Calculate the remainder when 131734 is divided by 8781.
19
Calculate the remainder when 9809 is divided by 44.
41
What is the remainder when 242662 is divided by 16176?
22
Calculate the remainder when 2401 is divided by 1195.
11
Calculate the remainder when 4053 is divided by 1294.
171
Calculate the remainder when 134519 is divided by 295.
294
Calculate the remainder when 1334 is divided by 71.
56
What is the remainder when 47154 is divided by 15673?
135
What is the remainder when 78639 is divided by 1478?
305
Calculate the remainder when 1639 is divided by 297.
154
What is the remainder when 1415 is divided by 34?
21
Calculate the remainder when 4077 is divided by 50.
27
Calculate the remainder when 281106 is divided by 93670.
96
What is the remainder when 57924 is divided by 38?
12
Calculate the remainder when 1031 is divided by 289.
164
What is the remainder when 20671 is divided by 5160?
31
What is the remainder when 11808 is divided by 2360?
8
What is the remainder when 4215 is divided by 248?
247
What is the remainder when 353193 is divided by 101?
97
Calculate the remainder when 23743 is divided by 112.
111
Calculate the remainder when 1230 is divided by 179.
156
Calculate the remainder when 16905 is divided by 319.
317
What is the remainder when 15995 is divided by 303?
239
What is the remainder when 15639 is divided by 34?
33
What is the remainder when 2893 is divided by 2880?
13
What is the remainder when 8011 is divided by 235?
21
Calculate the remainder when 13893 is divided by 481.
425
What is the remainder when 18165 is divided by 27?
21
Calculate the remainder when 4110 is divided by 1347.
69
What is the remainder when 207000 is divided by 28?
24
Calculate the remainder when 42782 is divided by 13.
12
What is the remainder when 1886 is divided by 942?
2
Calculate the remainder when 664 is divided by 33.
4
Calculate the remainder when 76557 is divided by 169.
0
What is the remainder when 2209 is divided by 650?
259
What is the remainder when 2196 is divided by 446?
412
What is the remainder when 31129 is divided by 2820?
109
Calculate the remainder when 46759 is divided by 11.
9
What is the remainder when 17088 is divided by 65?
58
What is the remainder when 3162 is divided by 144?
138
Calculate the remainder when 38467 is divided by 19164.
139
What is the remainder when 45144 is divided by 22559?
26
What is the remainder when 46077 is divided by 72?
69
What is the remainder when 2968 is divided by 17?
10
Calculate the remainder when 2040 is divided by 1963.
77
What is the remainder when 1586 is divided by 1555?
31
What is the remainder when 23875 is divided by 28?
19
What is the remainder when 210 is divided by 207?
3
What is the remainder when 48924 is divided by 145?
59
Calculate the remainder when 5964 is divided by 84.
0
What is the remainder when 641899 is divided by 327?
325
What is the remainder when 771977 is divided by 42?
17
Calculate the remainder when 1815 is divided by 139.
8
What is the remainder when 80383 is divided by 924?
919
Calculate the remainder when 11101 is divided by 1.
0
Calculate the remainder when 162566 is divided by 7.
5
Calculate the remainder when 18345 is divided by 109.
33
Calculate the remainder when 194766 is divided by 188.
186
What is the remainder when 373734 is divided by 7187?
10
What is the remainder when 1920 is divided by 1658?
262
What is the remainder when 67773 is divided by 955?
923
Calculate the remainder when 476542 is divided by 197.
196
What is the remainder when 36240 is divided by 9033?
108
What is the remainder when 2130 is divided by 235?
15
What is the remainder when 2413 is divided by 267?
10
What is the remainder when 4928 is divided by 170?
168
Calculate the remainder when 2889136 is divided by 4.
0
What is the remainder when 4460 is divided by 1485?
5
Calculate the remainder when 1079 is divided by 96.
23
What is the remainder when 28198 is divided by 5638?
8
What is the remainder when 4342 is divided by 1403?
133
What is the remainder when 84556 is divided by 22?
10
What is the remainder when 8070 is divided by 65?
10
Calculate the remainder when 3793 is divided by 832.
465
What is the remainder when 24823 is divided by 217?
85
What is the remainder when 9041 is divided by 631?
207
Calculate the remainder when 1698 is divided by 806.
86
Calculate the remainder when 1700 is divided by 33.
17
Calculate the remainder when 5274 is divided by 125.
24
What is the remainder when 264310 is divided by 72?
70
Calculate the remainder when 739803 is divided by 13.
12
What is the remainder when 57572 is divided by 41?
8
Calculate the remainder when 5050 is divided by 629.
18
Calculate the remainder when 5066 is divided by 846.
836
Calculate the remainder when 19950 is divided by 29.
27
Calculate the remainder when 243142 is divided by 67.
66
Calculate the remainder when 1191212 is divided by 82.
80
What is the remainder when 1046 is divided by 931?
115
What is the remainder when 2455 is divided by 799?
58
What is the remainder when 1518424 is divided by 206?
204
What is the remainder when 329 is divided by 161?
7
What is the remainder when 30756 is divided by 9781?
1413
Calculate the remainder when 121788 is divided by 5.
3
What is the remainder when 22224 is divided by 353?
338
What is the remainder when 109422 is divided by 21882?
12
What is the remainder when 74918 is divided by 6241?
26
Calculate the remainder when 6940 is divided by 6603.
337
What is the remainder when 192879 is divided by 98?
15
Calculate the remainder when 14770 is divided by 2949.
25
What is the remainder when 28402 is divided by 17?
12
Calculate the remainder when 3780 is divided by 768.
708
Calculate the remainder when 53018 is divided by 37.
34
What is the remainder when 56309 is divided by 8?
5
Calculate the remainder when 1120 is divided by 22.
20
Calculate the remainder when 9816 is divided by 1957.
31
Calculate the remainder when 254798 is divided by 56.
54
Calculate the remainder when 48194 is divided by 85.
84
Calculate the remainder when 39248 is divided by 1962.
8
What is the remainder when 14206 is divided by 4733?
7
Calculate the remainder when 478912 is divided by 264.
16
What is the remainder when 5632 is divided by 5613?
19
What is the remainder when 395627 is divided by 2?
1
What is the remainder when 9675 is divided by 885?
825
What is the remainder when 3198 is divided by 910?
468
What is the remainder when 152954 is divided by 50984?
2
What is the remainder when 25970 is divided by 39?
35
What is the remainder when 4722 is divided by 175?
172
What is the remainder when 2062 is divided by 966?
130
What is the remainder when 18944 is divided by 6312?
8
What is the remainder when 1141890 is divided by 81563?
8
Calculate the remainder when 909507 is divided by 14.
11
Calculate the remainder when 36124 is divided by 26.
10
Calculate the remainder when 40818 is divided by 298.
290
What is the remainder when 63967 is divided by 16?
15
Calculate the remainder when 10247 is divided by 10237.
10
What is the remainder when 105843 is divided by 5292?
3
What is the remainder when 231984 is divided by 193?
191
Calculate the remainder when 19347 is divided by 553.
545
What is the remainder when 254063 is divided by 79?
78
Calculate the remainder when 21998 is divided by 16.
14
What is the remainder when 1563 is divided by 9?
6
What is the remainder when 5059 is divided by 562?
1
Calculate the remainder when 1020 is divided by 339.
3
What is the remainder when 26120 is divided by 1307?
1287
What is the remainder when 9638 is divided by 45?
8
What is the remainder when 12066 is divided by 81?
78
Calculate the remainder when 1256 is divided by 24.
8
What is the remainder when 16923 is divided by 1210?
1193
What is the remainder when 4248 is divided by 1060?
8
Calculate the remainder when 34823 is divided by 1943.
1792
Calculate the remainder when 103583 is divided by 14.
11
Calculate the remainder when 20983 is divided by 5.
3
Calculate the remainder when 2631 is divided by 967.
697
What is the remainder when 36898 is divided by 60?
58
What is the remainder when 3743 is divided by 376?
359
Calculate the rema